{"id":210,"date":"2014-08-01T17:18:17","date_gmt":"2014-08-01T16:18:17","guid":{"rendered":"http:\/\/gsfm.ch\/projet\/?page_id=210"},"modified":"2016-03-02T12:16:08","modified_gmt":"2016-03-02T11:16:08","slug":"souvenirs","status":"publish","type":"page","link":"https:\/\/gsfm.ch\/projet\/souvenirs\/","title":{"rendered":"Souvenirs"},"content":{"rendered":"<p>[et_pb_section admin_label=\u00a0\u00bbsection\u00a0\u00bb fullwidth=\u00a0\u00bbon\u00a0\u00bb specialty=\u00a0\u00bboff\u00a0\u00bb transparent_background=\u00a0\u00bboff\u00a0\u00bb background_color=\u00a0\u00bb#53b538&Prime; allow_player_pause=\u00a0\u00bboff\u00a0\u00bb inner_shadow=\u00a0\u00bboff\u00a0\u00bb parallax=\u00a0\u00bboff\u00a0\u00bb parallax_method=\u00a0\u00bboff\u00a0\u00bb][et_pb_fullwidth_header admin_label=\u00a0\u00bbSouvenirs\u00a0\u00bb title=\u00a0\u00bbSouvenirs\u00a0\u00bb background_layout=\u00a0\u00bbdark\u00a0\u00bb text_orientation=\u00a0\u00bbcenter\u00a0\u00bb] [\/et_pb_fullwidth_header][\/et_pb_section][et_pb_section admin_label=\u00a0\u00bbsection\u00a0\u00bb fullwidth=\u00a0\u00bboff\u00a0\u00bb specialty=\u00a0\u00bboff\u00a0\u00bb][et_pb_row admin_label=\u00a0\u00bbrow\u00a0\u00bb][et_pb_column type=\u00a0\u00bb2_3&Prime;][et_pb_text admin_label=\u00a0\u00bbIntro\u00a0\u00bb background_layout=\u00a0\u00bblight\u00a0\u00bb text_orientation=\u00a0\u00bbleft\u00a0\u00bb]<\/p>\n<h2 style=\"text-align: justify;\">De pr\u00e9cieuses archives!<\/h2>\n<p>&nbsp;<\/p>\n<p style=\"text-align: justify;\">\u00c2g\u00e9s de plus de trois quarts de si\u00e8cle, les scouts de Marly ont pu vivre de nombreux camps et aventures, desquels ils ont gard\u00e9 des traces \u00e9crites et num\u00e9riques. Que ce soient des photos d&rsquo;activit\u00e9s, des journaux de camps, le sc\u00e9nario d&rsquo;une pi\u00e8ce de th\u00e9\u00e2tre ou encore des articles de journaux, ces t\u00e9moins du temps qui passe ont bien s\u00fbr \u00e9t\u00e9 pr\u00e9cieusement conserv\u00e9s!<\/p>\n<p style=\"text-align: justify;\">Vous trouverez sur cette page les souvenirs les plus r\u00e9cents sous forme de photos, ainsi qu&rsquo;une liste des camps depuis les d\u00e9buts du groupe qui se veut le plus compl\u00e8te possible. Si vous souhaitez obtenir une copie de certaines archives pour vous rem\u00e9morer des bons moments pass\u00e9s entre scouts ou venir raviver la flamme en consultant votre vieux journal de camp, le responsable des archives reste avec plaisir \u00e0 votre disposition!<\/p>\n<p style=\"text-align: justify;\">Si d&rsquo;aventure vous poss\u00e9diez des archives personnelles ou des informations concernant des camps ne figurant pas dans la liste et que vous d\u00e9sirez les partager, n&rsquo;h\u00e9sitez plus et prenez contact avec le responsable archives, atteignable \u00e0 l&rsquo;adresse <span style=\"text-decoration: underline; color: #0000ff;\">archives@gsfm.ch<\/span> ou \u00e0 l&rsquo;aide du formulaire en bas de page.<\/p>\n<p>[\/et_pb_text][\/et_pb_column][et_pb_column type=\u00a0\u00bb1_3&Prime;][et_pb_image admin_label=\u00a0\u00bbImage\u00a0\u00bb src=\u00a0\u00bbhttps:\/\/gsfm.ch\/projet\/wp-content\/uploads\/2014\/08\/6162_2g_ete_028.jpg\u00a0\u00bb show_in_lightbox=\u00a0\u00bboff\u00a0\u00bb url_new_window=\u00a0\u00bboff\u00a0\u00bb animation=\u00a0\u00bbleft\u00a0\u00bb sticky=\u00a0\u00bboff\u00a0\u00bb] [\/et_pb_image][\/et_pb_column][\/et_pb_row][\/et_pb_section][et_pb_section admin_label=\u00a0\u00bbsection\u00a0\u00bb fullwidth=\u00a0\u00bboff\u00a0\u00bb specialty=\u00a0\u00bboff\u00a0\u00bb transparent_background=\u00a0\u00bboff\u00a0\u00bb background_color=\u00a0\u00bb#53b538&Prime; allow_player_pause=\u00a0\u00bboff\u00a0\u00bb inner_shadow=\u00a0\u00bboff\u00a0\u00bb parallax=\u00a0\u00bboff\u00a0\u00bb parallax_method=\u00a0\u00bboff\u00a0\u00bb][et_pb_row admin_label=\u00a0\u00bbrow\u00a0\u00bb][et_pb_column type=\u00a0\u00bb1_2&Prime;][et_pb_blurb admin_label=\u00a0\u00bbBlurb Photos\u00a0\u00bb url=\u00a0\u00bbhttps:\/\/gsfm.ch\/projet\/souvenirs\/galerie-photos\/\u00a0\u00bb url_new_window=\u00a0\u00bboff\u00a0\u00bb use_icon=\u00a0\u00bbon\u00a0\u00bb font_icon=\u00a0\u00bb\ue006\u00a0\u00bb icon_color=\u00a0\u00bb#53b538&Prime; use_circle=\u00a0\u00bbon\u00a0\u00bb circle_color=\u00a0\u00bb#fff72b\u00a0\u00bb use_circle_border=\u00a0\u00bboff\u00a0\u00bb circle_border_color=\u00a0\u00bb#287a16&Prime; icon_placement=\u00a0\u00bbtop\u00a0\u00bb animation=\u00a0\u00bboff\u00a0\u00bb background_layout=\u00a0\u00bbdark\u00a0\u00bb text_orientation=\u00a0\u00bbcenter\u00a0\u00bb use_icon_font_size=\u00a0\u00bboff\u00a0\u00bb use_border_color=\u00a0\u00bboff\u00a0\u00bb border_color=\u00a0\u00bb#ffffff\u00a0\u00bb border_style=\u00a0\u00bbsolid\u00a0\u00bb]<\/p>\n<h3>Galerie photos<\/h3>\n<p>Cliquez sur l&rsquo;ic\u00f4ne pour acc\u00e9der aux souvenirs photo les plus r\u00e9cents.<\/p>\n<p>[\/et_pb_blurb][\/et_pb_column][et_pb_column type=\u00a0\u00bb1_2&Prime;][et_pb_blurb admin_label=\u00a0\u00bbBlurb Camps\u00a0\u00bb url=\u00a0\u00bbhttps:\/\/gsfm.ch\/projet\/souvenirs\/liste-des-camps\/\u00a0\u00bb url_new_window=\u00a0\u00bboff\u00a0\u00bb use_icon=\u00a0\u00bbon\u00a0\u00bb font_icon=\u00a0\u00bbh\u00a0\u00bb icon_color=\u00a0\u00bb#53b538&Prime; use_circle=\u00a0\u00bbon\u00a0\u00bb circle_color=\u00a0\u00bb#fff72b\u00a0\u00bb use_circle_border=\u00a0\u00bboff\u00a0\u00bb circle_border_color=\u00a0\u00bb#287a16&Prime; icon_placement=\u00a0\u00bbtop\u00a0\u00bb animation=\u00a0\u00bboff\u00a0\u00bb background_layout=\u00a0\u00bbdark\u00a0\u00bb text_orientation=\u00a0\u00bbcenter\u00a0\u00bb use_icon_font_size=\u00a0\u00bboff\u00a0\u00bb use_border_color=\u00a0\u00bboff\u00a0\u00bb border_color=\u00a0\u00bb#ffffff\u00a0\u00bb border_style=\u00a0\u00bbsolid\u00a0\u00bb]<\/p>\n<h3>Liste des camps<\/h3>\n<p>Cliquez sur l&rsquo;ic\u00f4ne pour acc\u00e9der \u00e0 la liste des camps de groupe.<\/p>\n<p>[\/et_pb_blurb][\/et_pb_column][\/et_pb_row][\/et_pb_section][et_pb_section admin_label=\u00a0\u00bbsection\u00a0\u00bb][et_pb_row admin_label=\u00a0\u00bbrow\u00a0\u00bb][et_pb_column type=\u00a0\u00bb4_4&Prime;][et_pb_contact_form admin_label=\u00a0\u00bbContact Form Archives\u00a0\u00bb captcha=\u00a0\u00bbon\u00a0\u00bb email=\u00a0\u00bbarchives@gsfm.ch\u00a0\u00bb title=\u00a0\u00bbContacter le responsable archives:\u00a0\u00bb use_redirect=\u00a0\u00bboff\u00a0\u00bb success_message=\u00a0\u00bbMerci, votre message a bien \u00e9t\u00e9 envoy\u00e9! Nous vous recontacterons dans les plus brefs d\u00e9lais.\u00a0\u00bb input_border_radius=\u00a0\u00bb0&Prime; use_border_color=\u00a0\u00bboff\u00a0\u00bb border_color=\u00a0\u00bb#ffffff\u00a0\u00bb border_style=\u00a0\u00bbsolid\u00a0\u00bb custom_button=\u00a0\u00bboff\u00a0\u00bb button_letter_spacing=\u00a0\u00bb0&Prime; button_use_icon=\u00a0\u00bbdefault\u00a0\u00bb button_icon_placement=\u00a0\u00bbright\u00a0\u00bb button_on_hover=\u00a0\u00bbon\u00a0\u00bb button_letter_spacing_hover=\u00a0\u00bb0&Prime;] [et_pb_contact_field field_title=\u00a0\u00bbPr\u00e9nom et nom\u00a0\u00bb field_type=\u00a0\u00bbinput\u00a0\u00bb field_id=\u00a0\u00bbName\u00a0\u00bb required_mark=\u00a0\u00bbon\u00a0\u00bb fullwidth_field=\u00a0\u00bboff\u00a0\u00bb form_field_font_select=\u00a0\u00bbdefault\u00a0\u00bb form_field_font=\u00a0\u00bb||||\u00a0\u00bb use_border_color=\u00a0\u00bboff\u00a0\u00bb border_style=\u00a0\u00bbsolid\u00a0\u00bb] [\/et_pb_contact_field][et_pb_contact_field field_title=\u00a0\u00bbAdresse e-mail\u00a0\u00bb field_type=\u00a0\u00bbemail\u00a0\u00bb field_id=\u00a0\u00bbEmail\u00a0\u00bb required_mark=\u00a0\u00bbon\u00a0\u00bb fullwidth_field=\u00a0\u00bboff\u00a0\u00bb form_field_font_select=\u00a0\u00bbdefault\u00a0\u00bb form_field_font=\u00a0\u00bb||||\u00a0\u00bb use_border_color=\u00a0\u00bboff\u00a0\u00bb border_style=\u00a0\u00bbsolid\u00a0\u00bb] [\/et_pb_contact_field][et_pb_contact_field field_title=\u00a0\u00bbVotre message au responsable des archives.\u00a0\u00bb field_type=\u00a0\u00bbtext\u00a0\u00bb field_id=\u00a0\u00bbMessage\u00a0\u00bb required_mark=\u00a0\u00bbon\u00a0\u00bb fullwidth_field=\u00a0\u00bbon\u00a0\u00bb form_field_font_select=\u00a0\u00bbdefault\u00a0\u00bb form_field_font=\u00a0\u00bb||||\u00a0\u00bb use_border_color=\u00a0\u00bboff\u00a0\u00bb border_style=\u00a0\u00bbsolid\u00a0\u00bb] [\/et_pb_contact_field] [\/et_pb_contact_form][\/et_pb_column][\/et_pb_row][\/et_pb_section]<\/p>\n","protected":false},"excerpt":{"rendered":"<p>De pr\u00e9cieuses archives! &nbsp; \u00c2g\u00e9s de plus de trois quarts de si\u00e8cle, les scouts de Marly ont pu vivre de nombreux camps et aventures, desquels ils ont gard\u00e9 des traces \u00e9crites et num\u00e9riques. Que ce soient des photos d&rsquo;activit\u00e9s, des journaux de camps, le sc\u00e9nario d&rsquo;une pi\u00e8ce de th\u00e9\u00e2tre ou encore des articles de journaux, [&hellip;]<\/p>\n","protected":false},"author":1,"featured_media":0,"parent":0,"menu_order":0,"comment_status":"open","ping_status":"open","template":"","meta":{"_et_pb_use_builder":"on","_et_pb_old_content":"","_et_gb_content_width":"","footnotes":""},"class_list":["post-210","page","type-page","status-publish","hentry"],"_links":{"self":[{"href":"https:\/\/gsfm.ch\/projet\/wp-json\/wp\/v2\/pages\/210","targetHints":{"allow":["GET"]}}],"collection":[{"href":"https:\/\/gsfm.ch\/projet\/wp-json\/wp\/v2\/pages"}],"about":[{"href":"https:\/\/gsfm.ch\/projet\/wp-json\/wp\/v2\/types\/page"}],"author":[{"embeddable":true,"href":"https:\/\/gsfm.ch\/projet\/wp-json\/wp\/v2\/users\/1"}],"replies":[{"embeddable":true,"href":"https:\/\/gsfm.ch\/projet\/wp-json\/wp\/v2\/comments?post=210"}],"version-history":[{"count":0,"href":"https:\/\/gsfm.ch\/projet\/wp-json\/wp\/v2\/pages\/210\/revisions"}],"wp:attachment":[{"href":"https:\/\/gsfm.ch\/projet\/wp-json\/wp\/v2\/media?parent=210"}],"curies":[{"name":"wp","href":"https:\/\/api.w.org\/{rel}","templated":true}]}}

<p>[et_pb_section admin_label= »section » fullwidth= »on » specialty= »off » transparent_background= »off » background_color= »#53b538&Prime; allow_player_pause= »off » inner_shadow= »off » parallax= »off » parallax_method= »off »][et_pb_fullwidth_header admin_label= »Souvenirs » title= »Souvenirs » background_layout= »dark » text_orientation= »center »] [/et_pb_fullwidth_header][/et_pb_section][et_pb_section admin_label= »section » fullwidth= »off » specialty= »off »][et_pb_row admin_label= »row »][et_pb_column type= »2_3&Prime;][et_pb_text admin_label= »Intro » background_layout= »light » text_orientation= »left »]</p>
<h2 style="text-align: justify;">De précieuses archives!</h2>
<p>&nbsp;</p>
<p style="text-align: justify;">Âgés de plus de trois quarts de siècle, les scouts de Marly ont pu vivre de nombreux camps et aventures, desquels ils ont gardé des traces écrites et numériques. Que ce soient des photos d&rsquo;activités, des journaux de camps, le scénario d&rsquo;une pièce de théâtre ou encore des articles de journaux, ces témoins du temps qui passe ont bien sûr été précieusement conservés!</p>
<p style="text-align: justify;">Vous trouverez sur cette page les souvenirs les plus récents sous forme de photos, ainsi qu&rsquo;une liste des camps depuis les débuts du groupe qui se veut le plus complète possible. Si vous souhaitez obtenir une copie de certaines archives pour vous remémorer des bons moments passés entre scouts ou venir raviver la flamme en consultant votre vieux journal de camp, le responsable des archives reste avec plaisir à votre disposition!</p>
<p style="text-align: justify;">Si d&rsquo;aventure vous possédiez des archives personnelles ou des informations concernant des camps ne figurant pas dans la liste et que vous désirez les partager, n&rsquo;hésitez plus et prenez contact avec le responsable archives, atteignable à l&rsquo;adresse <span style="text-decoration: underline; color: #0000ff;">archives@gsfm.ch</span> ou à l&rsquo;aide du formulaire en bas de page.</p>
<p>[/et_pb_text][/et_pb_column][et_pb_column type= »1_3&Prime;][et_pb_image admin_label= »Image » src= »https://gsfm.ch/projet/wp-content/uploads/2014/08/6162_2g_ete_028.jpg » show_in_lightbox= »off » url_new_window= »off » animation= »left » sticky= »off »] [/et_pb_image][/et_pb_column][/et_pb_row][/et_pb_section][et_pb_section admin_label= »section » fullwidth= »off » specialty= »off » transparent_background= »off » background_color= »#53b538&Prime; allow_player_pause= »off » inner_shadow= »off » parallax= »off » parallax_method= »off »][et_pb_row admin_label= »row »][et_pb_column type= »1_2&Prime;][et_pb_blurb admin_label= »Blurb Photos » url= »https://gsfm.ch/projet/souvenirs/galerie-photos/ » url_new_window= »off » use_icon= »on » font_icon= » » icon_color= »#53b538&Prime; use_circle= »on » circle_color= »#fff72b » use_circle_border= »off » circle_border_color= »#287a16&Prime; icon_placement= »top » animation= »off » background_layout= »dark » text_orientation= »center » use_icon_font_size= »off » use_border_color= »off » border_color= »#ffffff » border_style= »solid »]</p>
<h3>Galerie photos</h3>
<p>Cliquez sur l&rsquo;icône pour accéder aux souvenirs photo les plus récents.</p>
<p>[/et_pb_blurb][/et_pb_column][et_pb_column type= »1_2&Prime;][et_pb_blurb admin_label= »Blurb Camps » url= »https://gsfm.ch/projet/souvenirs/liste-des-camps/ » url_new_window= »off » use_icon= »on » font_icon= »h » icon_color= »#53b538&Prime; use_circle= »on » circle_color= »#fff72b » use_circle_border= »off » circle_border_color= »#287a16&Prime; icon_placement= »top » animation= »off » background_layout= »dark » text_orientation= »center » use_icon_font_size= »off » use_border_color= »off » border_color= »#ffffff » border_style= »solid »]</p>
<h3>Liste des camps</h3>
<p>Cliquez sur l&rsquo;icône pour accéder à la liste des camps de groupe.</p>
<p>[/et_pb_blurb][/et_pb_column][/et_pb_row][/et_pb_section][et_pb_section admin_label= »section »][et_pb_row admin_label= »row »][et_pb_column type= »4_4&Prime;][et_pb_contact_form admin_label= »Contact Form Archives » captcha= »on » email= »archives@gsfm.ch » title= »Contacter le responsable archives: » use_redirect= »off » success_message= »Merci, votre message a bien été envoyé! Nous vous recontacterons dans les plus brefs délais. » input_border_radius= »0&Prime; use_border_color= »off » border_color= »#ffffff » border_style= »solid » custom_button= »off » button_letter_spacing= »0&Prime; button_use_icon= »default » button_icon_placement= »right » button_on_hover= »on » button_letter_spacing_hover= »0&Prime;] [et_pb_contact_field field_title= »Prénom et nom » field_type= »input » field_id= »Name » required_mark= »on » fullwidth_field= »off » form_field_font_select= »default » form_field_font= »|||| » use_border_color= »off » border_style= »solid »] [/et_pb_contact_field][et_pb_contact_field field_title= »Adresse e-mail » field_type= »email » field_id= »Email » required_mark= »on » fullwidth_field= »off » form_field_font_select= »default » form_field_font= »|||| » use_border_color= »off » border_style= »solid »] [/et_pb_contact_field][et_pb_contact_field field_title= »Votre message au responsable des archives. » field_type= »text » field_id= »Message » required_mark= »on » fullwidth_field= »on » form_field_font_select= »default » form_field_font= »|||| » use_border_color= »off » border_style= »solid »] [/et_pb_contact_field] [/et_pb_contact_form][/et_pb_column][/et_pb_row][/et_pb_section]</p>

<p>De précieuses archives! &nbsp; Âgés de plus de trois quarts de siècle, les scouts de Marly ont pu vivre de nombreux camps et aventures, desquels ils ont gardé des traces écrites et numériques. Que ce soient des photos d&rsquo;activités, des journaux de camps, le scénario d&rsquo;une pièce de théâtre ou encore des articles de journaux, [&hellip;]</p>
