{"id":18232,"date":"2023-08-14T14:55:15","date_gmt":"2023-08-14T13:55:15","guid":{"rendered":"https:\/\/gsfm.ch\/projet\/?post_type=project&#038;p=18232"},"modified":"2023-12-14T14:56:19","modified_gmt":"2023-12-14T13:56:19","slug":"camp-dete-2023-1ere-branche-aarburg","status":"publish","type":"project","link":"https:\/\/gsfm.ch\/projet\/project\/camp-dete-2023-1ere-branche-aarburg\/","title":{"rendered":"Camp d\u2019\u00e9t\u00e9 2023: 1\u00e8re branche (Aarburg)"},"content":{"rendered":"\n[et_pb_section fb_built=\u00a0\u00bb1&Prime; admin_label=\u00a0\u00bbsection\u00a0\u00bb _builder_version=\u00a0\u00bb4.16&Prime; global_colors_info=\u00a0\u00bb{}\u00a0\u00bb theme_builder_area=\u00a0\u00bbpost_content\u00a0\u00bb][et_pb_row admin_label=\u00a0\u00bbrow\u00a0\u00bb _builder_version=\u00a0\u00bb4.16&Prime; background_size=\u00a0\u00bbinitial\u00a0\u00bb background_position=\u00a0\u00bbtop_left\u00a0\u00bb background_repeat=\u00a0\u00bbrepeat\u00a0\u00bb global_colors_info=\u00a0\u00bb{}\u00a0\u00bb theme_builder_area=\u00a0\u00bbpost_content\u00a0\u00bb][et_pb_column type=\u00a0\u00bb4_4&Prime; _builder_version=\u00a0\u00bb4.16&Prime; custom_padding=\u00a0\u00bb|||\u00a0\u00bb global_colors_info=\u00a0\u00bb{}\u00a0\u00bb custom_padding__hover=\u00a0\u00bb|||\u00a0\u00bb theme_builder_area=\u00a0\u00bbpost_content\u00a0\u00bb][et_pb_text admin_label=\u00a0\u00bbText\u00a0\u00bb _builder_version=\u00a0\u00bb4.21.0&Prime; background_size=\u00a0\u00bbinitial\u00a0\u00bb background_position=\u00a0\u00bbtop_left\u00a0\u00bb background_repeat=\u00a0\u00bbrepeat\u00a0\u00bb hover_enabled=\u00a0\u00bb0&Prime; use_border_color=\u00a0\u00bboff\u00a0\u00bb border_color=\u00a0\u00bb#ffffff\u00a0\u00bb border_style=\u00a0\u00bbsolid\u00a0\u00bb global_colors_info=\u00a0\u00bb{}\u00a0\u00bb theme_builder_area=\u00a0\u00bbpost_content\u00a0\u00bb sticky_enabled=\u00a0\u00bb0&Prime;]<h1>Camp d\u2019\u00e9t\u00e9 2023: 1\u00e8re branche (Aarburg)<\/h1>\n<p><a href=\"https:\/\/gsfm.ch\/projet\/souvenirs\/galerie-photos\/\">Retour \u00e0 la galerie photos<\/a><\/p>[\/et_pb_text][et_pb_gallery posts_number=\u00a0\u00bb12&Prime; show_title_and_caption=\u00a0\u00bboff\u00a0\u00bb admin_label=\u00a0\u00bbGallery\u00a0\u00bb _builder_version=\u00a0\u00bb4.21.0&Prime; hover_enabled=\u00a0\u00bb0&Prime; use_border_color=\u00a0\u00bboff\u00a0\u00bb border_color=\u00a0\u00bb#ffffff\u00a0\u00bb border_style=\u00a0\u00bbsolid\u00a0\u00bb global_colors_info=\u00a0\u00bb{}\u00a0\u00bb theme_builder_area=\u00a0\u00bbpost_content\u00a0\u00bb gallery_ids=\u00a0\u00bb18234,18235,18236,18237,18238,18239,18240,18241,18242,18243,18244,18245,18246,18247,18248,18249,18250,18251,18252,18253,18254,18255,18256,18257,18258,18259,18260,18261,18262,18263,18264,18265,18266,18267,18268,18269,18270,18271,18272,18273,18274,18275,18276,18277,18278,18279,18280,18281,18282,18283,18284,18285,18286,18287,18288,18289,18290,18291,18292,18293,18294,18295,18296,18297,18298,18299,18300,18301,18302,18303,18304,18305,18306,18307,18308,18309,18310,18311,18312,18313,18314,18315,18316,18317,18318,18319,18320,18321,18322,18323,18324,18325&Prime; sticky_enabled=\u00a0\u00bb0&Prime;] [\/et_pb_gallery][\/et_pb_column][\/et_pb_row][\/et_pb_section]\n","protected":false},"excerpt":{"rendered":"<p>Camp d\u2019\u00e9t\u00e9 2023: 1\u00e8re branche (Aarburg) Retour \u00e0 la galerie photos<\/p>\n","protected":false},"author":1,"featured_media":18283,"comment_status":"open","ping_status":"closed","template":"","meta":{"_et_pb_use_builder":"on","_et_pb_old_content":"","_et_gb_content_width":"","footnotes":""},"project_category":[33,67,4,3],"project_tag":[],"class_list":["post-18232","project","type-project","status-publish","has-post-thumbnail","hentry","project_category-1ere-branches","project_category-2022-2023","project_category-louveteaux","project_category-lutins"],"_links":{"self":[{"href":"https:\/\/gsfm.ch\/projet\/wp-json\/wp\/v2\/project\/18232","targetHints":{"allow":["GET"]}}],"collection":[{"href":"https:\/\/gsfm.ch\/projet\/wp-json\/wp\/v2\/project"}],"about":[{"href":"https:\/\/gsfm.ch\/projet\/wp-json\/wp\/v2\/types\/project"}],"author":[{"embeddable":true,"href":"https:\/\/gsfm.ch\/projet\/wp-json\/wp\/v2\/users\/1"}],"replies":[{"embeddable":true,"href":"https:\/\/gsfm.ch\/projet\/wp-json\/wp\/v2\/comments?post=18232"}],"version-history":[{"count":3,"href":"https:\/\/gsfm.ch\/projet\/wp-json\/wp\/v2\/project\/18232\/revisions"}],"predecessor-version":[{"id":18327,"href":"https:\/\/gsfm.ch\/projet\/wp-json\/wp\/v2\/project\/18232\/revisions\/18327"}],"wp:featuredmedia":[{"embeddable":true,"href":"https:\/\/gsfm.ch\/projet\/wp-json\/wp\/v2\/media\/18283"}],"wp:attachment":[{"href":"https:\/\/gsfm.ch\/projet\/wp-json\/wp\/v2\/media?parent=18232"}],"wp:term":[{"taxonomy":"project_category","embeddable":true,"href":"https:\/\/gsfm.ch\/projet\/wp-json\/wp\/v2\/project_category?post=18232"},{"taxonomy":"project_tag","embeddable":true,"href":"https:\/\/gsfm.ch\/projet\/wp-json\/wp\/v2\/project_tag?post=18232"}],"curies":[{"name":"wp","href":"https:\/\/api.w.org\/{rel}","templated":true}]}}

Camp d’été 2023: 1ère branche (Aarburg)

[et_pb_section fb_built= »1&Prime; admin_label= »section » _builder_version= »4.16&Prime; global_colors_info= »{} » theme_builder_area= »post_content »][et_pb_row admin_label= »row » _builder_version= »4.16&Prime; background_size= »initial » background_position= »top_left » background_repeat= »repeat » global_colors_info= »{} » theme_builder_area= »post_content »][et_pb_column type= »4_4&Prime; _builder_version= »4.16&Prime; custom_padding= »||| » global_colors_info= »{} » custom_padding__hover= »||| » theme_builder_area= »post_content »][et_pb_text admin_label= »Text » _builder_version= »4.21.0&Prime; background_size= »initial » background_position= »top_left » background_repeat= »repeat » hover_enabled= »0&Prime; use_border_color= »off » border_color= »#ffffff » border_style= »solid » global_colors_info= »{} » theme_builder_area= »post_content » sticky_enabled= »0&Prime;]<h1>Camp d’été 2023: 1ère branche (Aarburg)</h1>
<p><a href="https://gsfm.ch/projet/souvenirs/galerie-photos/">Retour à la galerie photos</a></p>[/et_pb_text][et_pb_gallery posts_number= »12&Prime; show_title_and_caption= »off » admin_label= »Gallery » _builder_version= »4.21.0&Prime; hover_enabled= »0&Prime; use_border_color= »off » border_color= »#ffffff » border_style= »solid » global_colors_info= »{} » theme_builder_area= »post_content » gallery_ids= »18234,18235,18236,18237,18238,18239,18240,18241,18242,18243,18244,18245,18246,18247,18248,18249,18250,18251,18252,18253,18254,18255,18256,18257,18258,18259,18260,18261,18262,18263,18264,18265,18266,18267,18268,18269,18270,18271,18272,18273,18274,18275,18276,18277,18278,18279,18280,18281,18282,18283,18284,18285,18286,18287,18288,18289,18290,18291,18292,18293,18294,18295,18296,18297,18298,18299,18300,18301,18302,18303,18304,18305,18306,18307,18308,18309,18310,18311,18312,18313,18314,18315,18316,18317,18318,18319,18320,18321,18322,18323,18324,18325&Prime; sticky_enabled= »0&Prime;] [/et_pb_gallery][/et_pb_column][/et_pb_row][/et_pb_section]

<p>Camp d’été 2023: 1ère branche (Aarburg) Retour à la galerie photos</p>
