{"id":18545,"date":"2024-08-18T19:41:00","date_gmt":"2024-08-18T18:41:00","guid":{"rendered":"https:\/\/gsfm.ch\/projet\/?post_type=project&#038;p=18545"},"modified":"2025-08-18T19:42:04","modified_gmt":"2025-08-18T18:42:04","slug":"camp-dete-2024-1ere-branche-jaun","status":"publish","type":"project","link":"https:\/\/gsfm.ch\/projet\/project\/camp-dete-2024-1ere-branche-jaun\/","title":{"rendered":"Camp d\u2019\u00e9t\u00e9 2024: 1\u00e8re branche (Jaun)"},"content":{"rendered":"\n[et_pb_section fb_built=\u00a0\u00bb1&Prime; admin_label=\u00a0\u00bbsection\u00a0\u00bb _builder_version=\u00a0\u00bb4.16&Prime; global_colors_info=\u00a0\u00bb{}\u00a0\u00bb theme_builder_area=\u00a0\u00bbpost_content\u00a0\u00bb][et_pb_row admin_label=\u00a0\u00bbrow\u00a0\u00bb _builder_version=\u00a0\u00bb4.16&Prime; background_size=\u00a0\u00bbinitial\u00a0\u00bb background_position=\u00a0\u00bbtop_left\u00a0\u00bb background_repeat=\u00a0\u00bbrepeat\u00a0\u00bb global_colors_info=\u00a0\u00bb{}\u00a0\u00bb theme_builder_area=\u00a0\u00bbpost_content\u00a0\u00bb][et_pb_column type=\u00a0\u00bb4_4&Prime; _builder_version=\u00a0\u00bb4.16&Prime; custom_padding=\u00a0\u00bb|||\u00a0\u00bb global_colors_info=\u00a0\u00bb{}\u00a0\u00bb custom_padding__hover=\u00a0\u00bb|||\u00a0\u00bb theme_builder_area=\u00a0\u00bbpost_content\u00a0\u00bb][et_pb_text admin_label=\u00a0\u00bbText\u00a0\u00bb _builder_version=\u00a0\u00bb4.27.4&Prime; background_size=\u00a0\u00bbinitial\u00a0\u00bb background_position=\u00a0\u00bbtop_left\u00a0\u00bb background_repeat=\u00a0\u00bbrepeat\u00a0\u00bb hover_enabled=\u00a0\u00bb0&Prime; use_border_color=\u00a0\u00bboff\u00a0\u00bb border_color=\u00a0\u00bb#ffffff\u00a0\u00bb border_style=\u00a0\u00bbsolid\u00a0\u00bb global_colors_info=\u00a0\u00bb{}\u00a0\u00bb theme_builder_area=\u00a0\u00bbpost_content\u00a0\u00bb sticky_enabled=\u00a0\u00bb0&Prime;]<h1>Camp d\u2019\u00e9t\u00e9 2024: 1\u00e8re branche (Jaun)<\/h1>\n<p><a href=\"https:\/\/gsfm.ch\/projet\/souvenirs\/galerie-photos\/\">Retour \u00e0 la galerie photos<\/a><\/p>[\/et_pb_text][et_pb_gallery posts_number=\u00a0\u00bb12&Prime; show_title_and_caption=\u00a0\u00bboff\u00a0\u00bb admin_label=\u00a0\u00bbGallery\u00a0\u00bb _builder_version=\u00a0\u00bb4.27.4&Prime; hover_enabled=\u00a0\u00bb0&Prime; use_border_color=\u00a0\u00bboff\u00a0\u00bb border_color=\u00a0\u00bb#ffffff\u00a0\u00bb border_style=\u00a0\u00bbsolid\u00a0\u00bb global_colors_info=\u00a0\u00bb{}\u00a0\u00bb theme_builder_area=\u00a0\u00bbpost_content\u00a0\u00bb gallery_ids=\u00a0\u00bb18547,18548,18549,18550,18551,18552,18553,18554,18555,18556,18557,18558,18559,18560,18561,18562,18563,18564,18565,18566,18567,18568,18569,18570,18571,18572,18573,18574,18575,18576,18577,18578,18579,18580,18581,18582,18583&Prime; sticky_enabled=\u00a0\u00bb0&Prime;] [\/et_pb_gallery][\/et_pb_column][\/et_pb_row][\/et_pb_section]\n","protected":false},"excerpt":{"rendered":"<p>Camp d\u2019\u00e9t\u00e9 2024: 1\u00e8re branche (Jaun) Retour \u00e0 la galerie photos<\/p>\n","protected":false},"author":1,"featured_media":18582,"comment_status":"open","ping_status":"closed","template":"","meta":{"_et_pb_use_builder":"on","_et_pb_old_content":"","_et_gb_content_width":"","footnotes":""},"project_category":[33,68],"project_tag":[],"class_list":["post-18545","project","type-project","status-publish","has-post-thumbnail","hentry","project_category-1ere-branches","project_category-2023-2024"],"_links":{"self":[{"href":"https:\/\/gsfm.ch\/projet\/wp-json\/wp\/v2\/project\/18545","targetHints":{"allow":["GET"]}}],"collection":[{"href":"https:\/\/gsfm.ch\/projet\/wp-json\/wp\/v2\/project"}],"about":[{"href":"https:\/\/gsfm.ch\/projet\/wp-json\/wp\/v2\/types\/project"}],"author":[{"embeddable":true,"href":"https:\/\/gsfm.ch\/projet\/wp-json\/wp\/v2\/users\/1"}],"replies":[{"embeddable":true,"href":"https:\/\/gsfm.ch\/projet\/wp-json\/wp\/v2\/comments?post=18545"}],"version-history":[{"count":3,"href":"https:\/\/gsfm.ch\/projet\/wp-json\/wp\/v2\/project\/18545\/revisions"}],"predecessor-version":[{"id":18585,"href":"https:\/\/gsfm.ch\/projet\/wp-json\/wp\/v2\/project\/18545\/revisions\/18585"}],"wp:featuredmedia":[{"embeddable":true,"href":"https:\/\/gsfm.ch\/projet\/wp-json\/wp\/v2\/media\/18582"}],"wp:attachment":[{"href":"https:\/\/gsfm.ch\/projet\/wp-json\/wp\/v2\/media?parent=18545"}],"wp:term":[{"taxonomy":"project_category","embeddable":true,"href":"https:\/\/gsfm.ch\/projet\/wp-json\/wp\/v2\/project_category?post=18545"},{"taxonomy":"project_tag","embeddable":true,"href":"https:\/\/gsfm.ch\/projet\/wp-json\/wp\/v2\/project_tag?post=18545"}],"curies":[{"name":"wp","href":"https:\/\/api.w.org\/{rel}","templated":true}]}}

Camp d’été 2024: 1ère branche (Jaun)

[et_pb_section fb_built= »1&Prime; admin_label= »section » _builder_version= »4.16&Prime; global_colors_info= »{} » theme_builder_area= »post_content »][et_pb_row admin_label= »row » _builder_version= »4.16&Prime; background_size= »initial » background_position= »top_left » background_repeat= »repeat » global_colors_info= »{} » theme_builder_area= »post_content »][et_pb_column type= »4_4&Prime; _builder_version= »4.16&Prime; custom_padding= »||| » global_colors_info= »{} » custom_padding__hover= »||| » theme_builder_area= »post_content »][et_pb_text admin_label= »Text » _builder_version= »4.27.4&Prime; background_size= »initial » background_position= »top_left » background_repeat= »repeat » hover_enabled= »0&Prime; use_border_color= »off » border_color= »#ffffff » border_style= »solid » global_colors_info= »{} » theme_builder_area= »post_content » sticky_enabled= »0&Prime;]<h1>Camp d’été 2024: 1ère branche (Jaun)</h1>
<p><a href="https://gsfm.ch/projet/souvenirs/galerie-photos/">Retour à la galerie photos</a></p>[/et_pb_text][et_pb_gallery posts_number= »12&Prime; show_title_and_caption= »off » admin_label= »Gallery » _builder_version= »4.27.4&Prime; hover_enabled= »0&Prime; use_border_color= »off » border_color= »#ffffff » border_style= »solid » global_colors_info= »{} » theme_builder_area= »post_content » gallery_ids= »18547,18548,18549,18550,18551,18552,18553,18554,18555,18556,18557,18558,18559,18560,18561,18562,18563,18564,18565,18566,18567,18568,18569,18570,18571,18572,18573,18574,18575,18576,18577,18578,18579,18580,18581,18582,18583&Prime; sticky_enabled= »0&Prime;] [/et_pb_gallery][/et_pb_column][/et_pb_row][/et_pb_section]

<p>Camp d’été 2024: 1ère branche (Jaun) Retour à la galerie photos</p>
