{"id":18587,"date":"2025-08-18T19:59:56","date_gmt":"2025-08-18T18:59:56","guid":{"rendered":"https:\/\/gsfm.ch\/projet\/?post_type=project&#038;p=18587"},"modified":"2025-08-18T19:59:57","modified_gmt":"2025-08-18T18:59:57","slug":"camp-dete-2025-1ere-branche-langenthal","status":"publish","type":"project","link":"https:\/\/gsfm.ch\/projet\/project\/camp-dete-2025-1ere-branche-langenthal\/","title":{"rendered":"Camp d\u2019\u00e9t\u00e9 2025: 1\u00e8re branche (Langenthal)"},"content":{"rendered":"\n[et_pb_section fb_built=\u00a0\u00bb1&Prime; admin_label=\u00a0\u00bbsection\u00a0\u00bb _builder_version=\u00a0\u00bb4.16&Prime; global_colors_info=\u00a0\u00bb{}\u00a0\u00bb theme_builder_area=\u00a0\u00bbpost_content\u00a0\u00bb][et_pb_row admin_label=\u00a0\u00bbrow\u00a0\u00bb _builder_version=\u00a0\u00bb4.16&Prime; background_size=\u00a0\u00bbinitial\u00a0\u00bb background_position=\u00a0\u00bbtop_left\u00a0\u00bb background_repeat=\u00a0\u00bbrepeat\u00a0\u00bb global_colors_info=\u00a0\u00bb{}\u00a0\u00bb theme_builder_area=\u00a0\u00bbpost_content\u00a0\u00bb][et_pb_column type=\u00a0\u00bb4_4&Prime; _builder_version=\u00a0\u00bb4.16&Prime; custom_padding=\u00a0\u00bb|||\u00a0\u00bb global_colors_info=\u00a0\u00bb{}\u00a0\u00bb custom_padding__hover=\u00a0\u00bb|||\u00a0\u00bb theme_builder_area=\u00a0\u00bbpost_content\u00a0\u00bb][et_pb_text admin_label=\u00a0\u00bbText\u00a0\u00bb _builder_version=\u00a0\u00bb4.27.4&Prime; background_size=\u00a0\u00bbinitial\u00a0\u00bb background_position=\u00a0\u00bbtop_left\u00a0\u00bb background_repeat=\u00a0\u00bbrepeat\u00a0\u00bb hover_enabled=\u00a0\u00bb0&Prime; use_border_color=\u00a0\u00bboff\u00a0\u00bb border_color=\u00a0\u00bb#ffffff\u00a0\u00bb border_style=\u00a0\u00bbsolid\u00a0\u00bb global_colors_info=\u00a0\u00bb{}\u00a0\u00bb theme_builder_area=\u00a0\u00bbpost_content\u00a0\u00bb sticky_enabled=\u00a0\u00bb0&Prime;]<h1>Camp d\u2019\u00e9t\u00e9 2025: 1\u00e8re branche (Langenthal)<\/h1>\n<p><a href=\"https:\/\/gsfm.ch\/projet\/souvenirs\/galerie-photos\/\">Retour \u00e0 la galerie photos<\/a><\/p>[\/et_pb_text][et_pb_gallery posts_number=\u00a0\u00bb12&Prime; show_title_and_caption=\u00a0\u00bboff\u00a0\u00bb admin_label=\u00a0\u00bbGallery\u00a0\u00bb _builder_version=\u00a0\u00bb4.27.4&Prime; hover_enabled=\u00a0\u00bb0&Prime; use_border_color=\u00a0\u00bboff\u00a0\u00bb border_color=\u00a0\u00bb#ffffff\u00a0\u00bb border_style=\u00a0\u00bbsolid\u00a0\u00bb global_colors_info=\u00a0\u00bb{}\u00a0\u00bb theme_builder_area=\u00a0\u00bbpost_content\u00a0\u00bb gallery_ids=\u00a0\u00bb18590,18591,18592,18593,18594,18595,18596,18597,18598,18599,18600,18601,18602,18603,18604,18605,18606,18607,18608,18609,18610,18611,18612,18613,18614,18615,18616,18617,18618,18619,18620,18621,18622,18623,18624,18625,18626,18627,18628,18629&Prime; sticky_enabled=\u00a0\u00bb0&Prime;] [\/et_pb_gallery][\/et_pb_column][\/et_pb_row][\/et_pb_section]\n","protected":false},"excerpt":{"rendered":"<p>Camp d\u2019\u00e9t\u00e9 2025: 1\u00e8re branche (Langenthal) Retour \u00e0 la galerie photos<\/p>\n","protected":false},"author":1,"featured_media":18603,"comment_status":"open","ping_status":"closed","template":"","meta":{"_et_pb_use_builder":"on","_et_pb_old_content":"","_et_gb_content_width":"","footnotes":""},"project_category":[33,69],"project_tag":[],"class_list":["post-18587","project","type-project","status-publish","has-post-thumbnail","hentry","project_category-1ere-branches","project_category-2024-2025"],"_links":{"self":[{"href":"https:\/\/gsfm.ch\/projet\/wp-json\/wp\/v2\/project\/18587","targetHints":{"allow":["GET"]}}],"collection":[{"href":"https:\/\/gsfm.ch\/projet\/wp-json\/wp\/v2\/project"}],"about":[{"href":"https:\/\/gsfm.ch\/projet\/wp-json\/wp\/v2\/types\/project"}],"author":[{"embeddable":true,"href":"https:\/\/gsfm.ch\/projet\/wp-json\/wp\/v2\/users\/1"}],"replies":[{"embeddable":true,"href":"https:\/\/gsfm.ch\/projet\/wp-json\/wp\/v2\/comments?post=18587"}],"version-history":[{"count":4,"href":"https:\/\/gsfm.ch\/projet\/wp-json\/wp\/v2\/project\/18587\/revisions"}],"predecessor-version":[{"id":18631,"href":"https:\/\/gsfm.ch\/projet\/wp-json\/wp\/v2\/project\/18587\/revisions\/18631"}],"wp:featuredmedia":[{"embeddable":true,"href":"https:\/\/gsfm.ch\/projet\/wp-json\/wp\/v2\/media\/18603"}],"wp:attachment":[{"href":"https:\/\/gsfm.ch\/projet\/wp-json\/wp\/v2\/media?parent=18587"}],"wp:term":[{"taxonomy":"project_category","embeddable":true,"href":"https:\/\/gsfm.ch\/projet\/wp-json\/wp\/v2\/project_category?post=18587"},{"taxonomy":"project_tag","embeddable":true,"href":"https:\/\/gsfm.ch\/projet\/wp-json\/wp\/v2\/project_tag?post=18587"}],"curies":[{"name":"wp","href":"https:\/\/api.w.org\/{rel}","templated":true}]}}

Camp d’été 2025: 1ère branche (Langenthal)

[et_pb_section fb_built= »1&Prime; admin_label= »section » _builder_version= »4.16&Prime; global_colors_info= »{} » theme_builder_area= »post_content »][et_pb_row admin_label= »row » _builder_version= »4.16&Prime; background_size= »initial » background_position= »top_left » background_repeat= »repeat » global_colors_info= »{} » theme_builder_area= »post_content »][et_pb_column type= »4_4&Prime; _builder_version= »4.16&Prime; custom_padding= »||| » global_colors_info= »{} » custom_padding__hover= »||| » theme_builder_area= »post_content »][et_pb_text admin_label= »Text » _builder_version= »4.27.4&Prime; background_size= »initial » background_position= »top_left » background_repeat= »repeat » hover_enabled= »0&Prime; use_border_color= »off » border_color= »#ffffff » border_style= »solid » global_colors_info= »{} » theme_builder_area= »post_content » sticky_enabled= »0&Prime;]<h1>Camp d’été 2025: 1ère branche (Langenthal)</h1>
<p><a href="https://gsfm.ch/projet/souvenirs/galerie-photos/">Retour à la galerie photos</a></p>[/et_pb_text][et_pb_gallery posts_number= »12&Prime; show_title_and_caption= »off » admin_label= »Gallery » _builder_version= »4.27.4&Prime; hover_enabled= »0&Prime; use_border_color= »off » border_color= »#ffffff » border_style= »solid » global_colors_info= »{} » theme_builder_area= »post_content » gallery_ids= »18590,18591,18592,18593,18594,18595,18596,18597,18598,18599,18600,18601,18602,18603,18604,18605,18606,18607,18608,18609,18610,18611,18612,18613,18614,18615,18616,18617,18618,18619,18620,18621,18622,18623,18624,18625,18626,18627,18628,18629&Prime; sticky_enabled= »0&Prime;] [/et_pb_gallery][/et_pb_column][/et_pb_row][/et_pb_section]

<p>Camp d’été 2025: 1ère branche (Langenthal) Retour à la galerie photos</p>
